(-8) - r/36.
2, 5
Let g(a) = a**3 - a + 5. Let x be g(4). Let d = 66 - x. List the prime factors of (279/12)/(d - 9/12).
3, 31
Suppose 6*n + 17460 = 3*l, l - 3*n = 3*l - 11605. List the prime factors of l.
2, 5, 7, 83
Suppose -5*r - 44 + 24 = 0. What are the prime factors of 1/r - 0 - 4326/(-24)?
2, 3, 5
Let b = -37 + 40. Let d(v) = -v**3 + 5*v**2 - 4*v - 1. Let s be d(b). Suppose 5*q - 140 + s = 0. What are the prime factors of q?
3
Suppose v - 2*w - 18771 = 0, 5*v - 2*w - 8447 = 85432. List the prime factors of v.
3, 11, 569
Let u = 8470 + -6604. List the prime factors of u.
2, 3, 311
List the prime factors of -3 + -3 - (1 + -6) - -22603.
2, 3, 3767
Let l = 5824 + 25. List the prime factors of l.
5849
Let r(o) = 3*o**2 - 2*o - 22. Suppose 3*m - 33 = 3. Let p be (m - -2) + 35/(-7). What are the prime factors of r(p)?
7, 29
Let n(r) = 66*r - 15. Let m(p) be the first derivative of -33*p**2/2 + 8*p - 3. Let i(d) = 9*m(d) + 4*n(d). What are the prime factors of i(-3)?
3, 37
Suppose 2*l - 59980 = -8*g, 5*g - 37510 = -2*l - 3*l. What are the prime factors of g?
2, 937
Let k(z) = 690*z + 2124. List the prime factors of k(16).
2, 3, 1097
Let g(j) = -16*j + 5*j**2 + 5 - 17*j - 3 + 34*j. Let h be g(-2). What are the prime factors of (48/h)/2*(-1 - -106)?
2, 3, 7
Suppose -16*d + 5659 = -2133. List the prime factors of d.
487
Let h be (6/(-7))/(28/(-98)). Suppose 3*t + h*q = 5*t - 259, 2*t - 2*q - 256 = 0. What are the prime factors of t?
5
Suppose 9*n + 2609 = 10396 + 3949. List the prime factors of n.
2, 163
Suppose -35*j + 17 + 158 = 0. List the prime factors of ((-3 - 1734)/3)/(-6 + j).
3, 193
Suppose 13*v = 10*v + 12. Let r be 4 + (-2 - 2)/v. Suppose r*o - m = 55, -5*m = 4*o - 0*o - 67. What are the prime factors of o?
2, 3
List the prime factors of ((-676)/(-12) + -4)/((-12)/(-1368)).
2, 19, 157
Let m be ((-8)/(-44) + 4/(-22))/1. Suppose m = 5*c + 71 - 76. List the prime factors of -95*(4/20)/(c/(-2)).
2, 19
What are the prime factors of ((-396)/(-18) - -4003) + 6?
29, 139
Suppose 42*w - 173642 - 37731 - 31261 = 0. What are the prime factors of w?
53, 109
Suppose 285*k = 304*k - 134824. What are the prime factors of k?
2, 887
Let p = 65 - 6. Suppose p = 9*u - 49. Let c = u - -7. What are the prime factors of c?
19
Let c be -62 - ((-2)/1 + 1). Let n = -53 - c. List the prime factors of -2 + n + (2 - 6).
2
Let a = 19164 - 12972. What are the prime factors of a?
2, 3, 43
Let c = -7644 - -23226. What are the prime factors of c?
2, 3, 7, 53
Let w be 1560 - (3/2)/(8/(-16)). Suppose -38*g + 41*g - w = 0. What are the prime factors of g?
521
Let i be -1165*(0/(-2) - 2). Suppose 0 = -3*c + 8*c - i. Suppose 11*r - c = 964. What are the prime factors of r?
2, 5, 13
Suppose 12*j + 45*j = -12*j + 944886. List the prime factors of j.
2, 41, 167
Suppose 0 = -5*m - 3*i + 16 - 63, i + 39 = -4*m. Let a(u) be the first derivative of -7*u**2 - 5*u + 3. List the prime factors of a(m).
3, 5
Suppose -57*q + 36*q + 270996 = -59019. What are the prime factors of q?
5, 7, 449
Suppose 11*k = 34 - 12. Suppose k*g = o - 219, 21*o - 24*o + 654 = -5*g. List the prime factors of o.
3, 71
Suppose -34*y - 53*y + 1658068 = 58747. What are the prime factors of y?
31, 593
Let a(h) = h**3 + 39*h**2 - 43*h - 63. Let q be a(-39). Let i = q + -417. List the prime factors of i.
3, 7, 19
Let s(y) be the third derivative of 2*y**5/15 - 5*y**4/24 - 12*y**3 + 9*y**2 - 4. List the prime factors of s(9).
3, 59
Suppose 5*j = -2*u + 6*u + 15, j - 3 = -4*u. Let z(v) = 6 + 6*v**2 - v + 2*v**2 - 2*v. List the prime factors of z(j).
3, 23
Let x(f) = 11*f**2 + 5*f - 18. Let o be x(3). Let k be -1*(1 + (0 - -2)) + o. List the prime factors of (-12)/(-1 + 87/k) - 1.
5, 37
Let r(o) = -o**2 - 9*o + 39. Let m be r(3). Suppose 2*w = -q + 1166, 5*w - 2921 = -q - m*q. List the prime factors of w.
7, 83
Let j(q) = q**2 - q + 3. Let f be j(2). Suppose 0 = m, 0 = 5*v + m + 5 + f. What are the prime factors of (-2*83)/(1*(-3 - v))?
2, 83
Suppose 3*r - 5*l = 100877, 5*r + 2*l + 25313 = 193524. List the prime factors of r.
3, 11213
Suppose -12 = -4*j - 224. Let r = 2 - j. Suppose -4*t + 21 = -r. What are the prime factors of t?
19
Let q(b) = 5*b + 63. Let c be q(-25). Let m = 179 + c. What are the prime factors of m?
3, 13
Let u = 7366 + -4698. What are the prime factors of u?
2, 23, 29
Suppose 118*i = 108*i - 8460. What are the prime factors of ((-80)/15)/(4/i)?
2, 3, 47
Suppose 0 = 3*o - 3*s - 2892, 2*s - 952 = -o - s. Suppose -4*d + 555 = -5*r - 236, -3*r = 5*d - o. What are the prime factors of d?
2, 97
Suppose -2*r = -2*j - 9108, -12*j = -13*j - 4. What are the prime factors of r?
2, 5, 7, 13
Suppose -30980 - 63441 = -29*c + 16968. List the prime factors of c.
23, 167
Suppose 171*r = 410*r - 2223895. What are the prime factors of r?
5, 1861
Suppose k = 3*t - 58700, -4*k + 9 - 5 = 0. Suppose -22*c + t = 3419. List the prime factors of c.
2, 367
Let k(y) = 4*y**2 - 40*y + 76. List the prime factors of k(25).
2, 197
Let u = -200 + 753. Suppose -5*n - x - x = -u, -5*x - 5 = 0. Suppose 7*p - 4*p - n = 0. List the prime factors of p.
37
Let v = 250 - 141. Let x = 2438 + v. What are the prime factors of x/15 + 1/5?
2, 5, 17
What are the prime factors of 1*(6 - 1) - ((-144)/12 + -1648)?
3, 5, 37
Let b be -2 + (-36)/(-21) + (-46)/(-14). Suppose b*x = 1359 + 258. List the prime factors of x.
7, 11
Let m = 85731 - 57321. What are the prime factors of m?
2, 3, 5, 947
Suppose -4*w + 12 = -64. Let j = 13 + w. Suppose -a - 121 + 45 = -4*z, 0 = 2*z + a - j. What are the prime factors of z?
2, 3
Let m(p) = -p**3 - 3*p**2 + 10*p + 2. Let x be m(-5). Suppose 0*q = x*q - 50. List the prime factors of q.
5
Let r(f) = -f**2 + 22*f - 55. Let x be r(19). Suppose -p + 84 = -3*m + 2*m, 0 = x*p - m - 173. What are the prime factors of p?
89
Let o be (-2224)/6*252/(-48). Suppose -3*g = 4*v - 1675, 0 = 5*g + v - 874 - o. List the prime factors of g.
5, 113
Let d(b) be the third derivative of -55*b**4/8 + 223*b**3/6 - 7*b**2 - 2. What are the prime factors of d(-7)?
2, 13, 53
Let j = 54374 - 10439. List the prime factors of j.
3, 5, 29, 101
Let m = -9077 - -19856. List the prime factors of m.
3, 3593
List the prime factors of (-9317143)/(-712) + (-1)/(-8).
2, 3, 727
Let n(m) = m**3 - 3*m**2 - 5*m + 17. Let z be ((-7)/(7/2))/((-8)/28). Let l be n(z). Suppose -776 = -6*q + l. What are the prime factors of q?
3, 53
Suppose l + 4*a = -5 - 6, 5*a + 10 = -5*l. What are the prime factors of 24/(-18)*(l + -190)/1?
2, 3, 7
Suppose -6*h + 19*h = 1027. Suppose 5*p - 2*p = 12. List the prime factors of (-1)/((p/h)/(-4)).
79
Let i(s) = -1046*s + 3054. What are the prime factors of i(-8)?
2, 5711
Suppose -n - 13*n + 2492 = 0. Let p(r) = -31*r + 6. Let z be p(-3). Let s = n - z. List the prime factors of s.
79
Let t = -2103 - -2831. What are the prime factors of t?
2, 7, 13
Let y = 10823 + -6926. List the prime factors of y.
3, 433
Let m = 12 - -44. Let j be -2*2/7 + 312/m. Suppose -j*p = 3*v - 65, -2*v + v + 35 = -p. List the prime factors of v.
2, 3, 5
Let n(b) = -647*b + 88. Let g be n(-12). Suppose -f + 4*f - 4689 = 5*w, 4*w - g = -5*f. What are the prime factors of f?
2, 7
Let f be (12/7 - 2)/((-9)/(-63)). What are the prime factors of 1253 + 1/(45/(-25) - f)?
2, 17, 37
Suppose -36 = -15*d + 9. Suppose d*o + 18*c - 15*c - 1512 = 0, 0 = -2*c. List the prime factors of o.
2, 3, 7
Let v be (9 - 12) + 1 + 268. Suppose 4*z - w + v = -3*w, 3*w = z + 77. Let d = -35 - z. What are the prime factors of d?
3, 11
Let a(i) = 3*i**2 + 36*i - 966. What are the prime factors of a(-96)?
2, 3, 7, 79
What are the prime factors of (-3)/(5*3/(-5670))?
2, 3, 7
Suppose -1 = 5*c + l, -2*c - 3 - 11 = -3*l. What are the prime factors of 1/3*c*675/(-45)?
5
Suppose -200*w + 14520 = -194*w. What are the prime factors of w?
2, 5, 11
Let n(z) = 490*z**2 - 38*z - 2. Let m be n(3). Suppose 5*k = -4*x + 5684, -2*x + 5*x - 4*k = m. What are the prime factors of x?
2, 23, 31
Let a = 17289 + -11675. List the prime factors of a.
2, 7, 401
Let h(p) be the second derivative of 1/20*p**5 - 3*p - 7/12*p**4 + 5/2*p**2 + 0 - 1/2*p**3. List the prime factors of h(8).
3, 5
Suppose 94 = -5*z + 84. What are the prime factors of z*287/(-14)*15?
3, 5, 41
Let k(g) = -2*g**3 - 130*g**2 - 35*g +